0?
True
Does 312 divide 150245336?
False
Is 41867955 a multiple of 515?
True
Is 641885201 a multiple of 159?
False
Is 543623826 a multiple of 366?
True
Does 1397 divide 326372623?
False
Is 12 a factor of 34991859?
False
Does 4 divide 288827243?
False
Is 360069464 a multiple of 3557?
False
Is 2583894 a multiple of 118?
False
Does 6 divide 2010399762?
True
Is 106738374 a multiple of 2806?
False
Is 10545984 a multiple of 288?
True
Is 100581500 a multiple of 100?
True
Is 13432388 a multiple of 21?
False
Is 385 a factor of 31408503?
False
Is 14043876 a multiple of 462?
True
Does 145 divide 89952191?
False
Is 8254910 a multiple of 15?
False
Is 179017975 a multiple of 1429?
True
Is 545 a factor of 67526045?
True
Does 91 divide 205495131?
False
Does 3 divide 5907913?
False
Is 1174 a factor of 2161334?
True
Is 4904 a factor of 442315743?
False
Does 1980 divide 150164021?
False
Is 9147 a factor of 576983613?
True
Is 145 a factor of 302764785?
True
Is 6 a factor of 4531458?
True
Does 3468 divide 678382011?
False
Is 791295 a multiple of 74?
False
Is 108 a factor of 147294180?
True
Is 21 a factor of 211574622?
True
Is 1221 a factor of 30191985?
False
Does 1651 divide 189406022?
True
Is 148166004 a multiple of 1983?
False
Is 90202707 a multiple of 259?
True
Does 1224 divide 2536107490?
False
Is 9857457 a multiple of 23?
False
Is 3958879874 a multiple of 833?
False
Is 2853557542 a multiple of 37?
False
Is 217 a factor of 141160670?
True
Is 1207 a factor of 33069386?
True
Is 34961388 a multiple of 3297?
True
Does 1414 divide 65134496?
True
Is 65 a factor of 12349415?
True
Does 87 divide 400131482?
False
Is 118605860 a multiple of 2770?
True
Is 4844 a factor of 83733384?
True
Is 789 a factor of 9150822?
True
Does 3787 divide 43094521?
False
Is 4158240 a multiple of 22?
False
Is 6455 a factor of 604664311?
False
Is 224978462 a multiple of 95?
False
Is 625922506 a multiple of 11?
True
Is 23 a factor of 159643846?
False
Does 2631 divide 128945310?
True
Does 46 divide 45522704?
True
Is 436546 even?
True
Is 41 a factor of 466605010?
True
Does 325 divide 8855409?
False
Is 2718 a factor of 9045504?
True
Is 27431568 a multiple of 2?
True
Is 1517 a factor of 2423617245?
False
Does 25 divide 74351325?
True
Is 1082756524 a multiple of 167?
True
Is 371484652 a multiple of 22?
True
Is 93489918 a multiple of 257?
True
Is 46938690 a multiple of 81?
True
Does 4329 divide 156768338?
False
Is 113 a factor of 66449334?
False
Does 39 divide 66658125?
False
Is 8727495 a multiple of 215?
True
Does 8 divide 33755872?
True
Is 50771280 a multiple of 16?
True
Is 76565287 a multiple of 4?
False
Is 50690819 a multiple of 139?
False
Is 175815813 a multiple of 94?
False
Is 1004438232 a multiple of 9?
True
Is 9293218 a multiple of 32?
False
Is 4070441 a multiple of 200?
False
Is 51 a factor of 247093266?
True
Is 11077872 a multiple of 24?
True
Is 8 a factor of 184994256?
True
Is 465686512 a multiple of 4?
True
Is 1830055877 a multiple of 3043?
False
Does 15 divide 14961470?
False
Does 1240 divide 93196113?
False
Does 12 divide 6493044?
True
Is 521 a factor of 1010602893?
False
Is 51292672 a multiple of 1411?
True
Is 449 a factor of 2004785?
True
Is 2165 a factor of 682600685?
True
Is 8724322 a multiple of 1354?
False
Is 388 a factor of 83863096?
True
Does 8 divide 6390752?
True
Is 141311365 a multiple of 64?
False
Is 6 a factor of 234245432?
False
Is 25 a factor of 1045551150?
True
Is 4 a factor of 32274400?
True
Does 451 divide 115417980?
False
Is 3245330375 a multiple of 547?
False
Is 48 a factor of 622228848?
True
Is 62419896 a multiple of 1251?
True
Is 104120394 a multiple of 2058?
True
Does 58 divide 1149906609?
False
Is 1874 a factor of 2703762239?
False
Does 15 divide 20060183?
False
Is 29 a factor of 360862602?
True
Does 65 divide 1362339615?
True
Does 829 divide 98565613?
True
Is 2180 a factor of 1394160140?
True
Is 928175119 a multiple of 19?
False
Does 238 divide 9954826?
True
Is 978461328 a multiple of 507?
True
Is 134 a factor of 29139774?
True
Is 242252154 a multiple of 3?
True
Is 156 a factor of 11042641?
False
Is 178 a factor of 33492521?
False
Is 12864900 a multiple of 114?
True
Is 996 a factor of 11862847?
False
Is 75955950 a multiple of 650?
False
Does 139 divide 8237997?
False
Is 246 a factor of 9580780?
False
Is 252 a factor of 15447789?
False
Does 5133 divide 40961340?
True
Is 20 a factor of 197607400?
True
Is 184 a factor of 398918440?
True
Is 29 a factor of 136710456?
False
Is 92 a factor of 421?
False
Is 6022082 a multiple of 22?
True
Is 28 a factor of 650654785?
False
Does 75 divide 70239702?
False
Does 54 divide 88235136?
True
Does 15 divide 450435867?
False
Is 393268061 a multiple of 3538?
False
Is 3 a factor of 41005029?
True
Does 24 divide 8804088?
True
Is 4594 a factor of 358042578?
True
Is 33 a factor of 9871785?
True
Is 80027381 a multiple of 54?
False
Does 2117 divide 281237891?
False
Is 41 a factor of 157428270?
False
Is 431526140 a multiple of 50?
False
Does 77 divide 68139764?
True
Is 230089132 a multiple of 284?
True
Is 32092561 a multiple of 998?
False
Does 578 divide 111857990?
False
Is 18735332 a multiple of 59?
True
Does 2468 divide 1165638157?
False
Does 340 divide 190941280?
True
Does 870 divide 43338431?
False
Does 18 divide 391931604?
True
Is 291597768 a multiple of 706?
True
Does 54 divide 101822977?
False
Is 23415650 a multiple of 10?
True
Is 390406945 a multiple of 67?
False
Does 1601 divide 564400530?
True
Does 242 divide 144321447?
False
Is 1438647852 a multiple of 201?
True
Does 18 divide 1147510844?
False
Is 1661700 a multiple of 764?
True
Does 3217 divide 405342?
True
Does 99 divide 259712739?
True
Is 170813 a multiple of 2?
False
Does 2796 divide 89005068?
True
Does 73 divide 1146855954?
False
Is 614 a factor of 84643568?
False
Is 23967545 a multiple of 1631?
True
Does 342 divide 85539081?
False
Is 80 a factor of 1331309120?
True
Is 49182572 a multiple of 233?
True
Is 134 a factor of 4711543314?
True
Is 120845610 a multiple of 18?
True
Is 123814160 a multiple of 87?
False
Is 26074180 a multiple of 22?
True
Is 8115 a factor of 2794738378?
False
Does 809 divide 572922655?
False
Is 7720258 a multiple of 8?
False
Does 198 divide 280191375?
False
Does 2 divide 3194351?
False
Does 35 divide 262867789?
False
Is 68354250 a multiple of 1204?
False
Does 253 divide 53732419?
False
Is 3637 a factor of 76337374?
False
Is 204605082 a multiple of 12?
False
Is 43 a factor of 108803631?
True
Does 221 divide 1340774071?
True
Does 4 divide 3060080?
True
Does 17 divide 412866560?
False
Is 1181260488 a multiple of 1348?
True
Does 14 divide 117235300?
True
Is 257 a factor of 14956886?
True
Does 69 divide 17426916?
True
Is 472634558 a multiple of 11?
True
Does 5 divide 165311460?
True
Is 2 a factor of 2641807?
False
Is 7 a factor of 8146020?
False
Does 17 divide 4358055519?
True
Does 31 divide 2286000078?
True
Is 202 a factor of 184348164?
False
Does 10025 divide 839071396?
False
Is 8 a factor of 285127848?
True
Is 32 a factor of 59981482?
False
Is 471 a factor of 792108018?
True
Does 83 divide 5600425?
True
Is 111 a factor of 83436282?
False
Is 4971 a factor of 508046142?
True
Is 209 a factor of 119339209?
True
Is 311409944 even?
True
Is 6 a factor of 4661148?
True
Is 40 a factor of 469188679?
False
Does 643 divide 4235317?
False
Is 294333439 a multiple of 838?
False
Does 30 divide 210033330?
True
Does 1570 divide 685818765?
False
Is 176129586 a multiple of 522?
True
Is 294 a factor of 41469959?
False
Is 651 a factor of 75008870?
False
Does 2264 divide 451381136?
False
Is 159022604 a multiple of 13?
True
Is 592295 a multiple of 24?
False
Does 290 divide 2095688?
False
Is 108091794 a multiple of 44?
False
Is 661 a factor of 6210756?
True
Is 10 a factor of 3816754?
False
Is 152 a factor of 581837152?
True
Is 466318320 a multiple of 10?
True
Does 1033 divide 153759984?
True
Does 4109 divide 327804001?
False
Does 1720 divide 799273531?
False
Does 1208 divide 3753783896?
True
Is 2503 a factor of 43091648?
True
Is 170 a factor of 19507059?
False
Is 17 a factor of 77465306?
False
Is 144 a factor of 38213136?
True
Is 23 a factor of 17970590?
True
Is 11211238 a multiple of 1181?
False
Is 1277777242 a multiple of 7?
True
Is 894 a factor of 312919668?
True
Does 43